4/12 - i**3 - 9*i**2. Calculate y(-5).
-16
Let n = -1 - 4. Let g(k) = -k**3 - 4*k**2 + 6*k + 9. Let i(r) = 2*r**3 + 8*r**2 - 12*r - 17. Let b(o) = -5*g(o) - 3*i(o). Determine b(n).
1
Let s(h) = h**3 + 2*h**2 + h - 1. Let v = -4 - 0. Let g = v + 2. What is s(g)?
-3
Let r be 3 + (1/(-3) - (-26)/(-3)). Let z(g) = -g + 0 + 5 - 3. What is z(r)?
8
Let k(x) = 8*x**2 + 7*x - 4. Let y(b) = b**2 + b - 1. Let o(q) = -k(q) + 5*y(q). What is o(2)?
-17
Let m be 0/((-1)/2*2). Let p(a) = -7 + m*a + 7*a + a**3 + 6*a**2 - 3*a. Suppose -i + 5*y = -5, 2*y + 26 = -4*i - y. Give p(i).
-2
Let k(h) = h**3 - 15*h**2 + 15*h - 13. Let q be k(14). Let s(n) = 2*n. Calculate s(q).
2
Let o(n) = -n**2 + 2*n - 1. Let m(p) = p**2 + 4*p + 1. Let t be m(-3). Let v = 5 + t. Let z be o(v). Let a(c) = -c**3 - 4*c**2. Determine a(z).
0
Let v(f) = -5*f**2 + 4*f + 2. Let j(d) = 3*d**2 - 2*d - 1. Let l(c) = 7*j(c) + 3*v(c). Suppose 3*b = -b + 12. Let s = b - 4. Give l(s).
7
Let a(w) = -w**3 + w + 1. Suppose 0*u + 4*l = -2*u, -2*l = 4*u. Suppose u = -h + 2*h. Give a(h).
1
Let b be -2 + (-6)/(-4 - -2). Let g be (10/(-5) + 4)*2. Suppose -7 = 4*h - g*c + b, h = -2*c - 14. Let s(i) = i + 8. Give s(h).
2
Let q(x) = -6*x**2 - 7. Let i(s) = 5*s**2 + s + 6. Let z(h) = -h + 8. Let f be z(11). Let w(u) = f*q(u) - 4*i(u). Determine w(-3).
-9
Suppose 2*d + 3*x - 15 = 0, -24 = -5*d - 2*x + 8. Let m(p) be the first derivative of -2 + 0*p - 1/2*p**2. What is m(d)?
-6
Let g(b) = b - 6. Suppose 5*c - t - 5 = 0, -4*c - t + 4*t + 15 = 0. Give g(c).
-6
Let p(n) = n**2 - 3*n + 3. Let s(x) = x**2 - 12. Let l be s(-4). What is p(l)?
7
Let j(c) be the first derivative of 3 - 4*c - 2*c**2 + 4/3*c**3 + 1/4*c**4. Determine j(-5).
-9
Let x(o) = -o**2 - 4*o + 23. Let v be x(-7). Let u = -2 + 4. Let q(n) = 5*n - u*n**2 - 5*n + n**3. Give q(v).
0
Let g be -7 - 3*(-2)/3. Let u(n) be the first derivative of -n**2/2 - 4*n + 1. Determine u(g).
1
Let t = 13 - 12. Let f(r) = -8*r**2. Calculate f(t).
-8
Let q be (-15)/20 + 2/(-8). Let g be -2 + (1*-3 - q). Let z(j) be the second derivative of -j**5/20 - j**4/4 + j**3/2 - 5*j**2/2 + j. Calculate z(g).
-1
Let z(d) = d**2 - 2*d - 1. Suppose -77 = -5*o + 63. Suppose -3*u - o = -4*p - 0*u, 12 = -2*p - 5*u. Give z(p).
7
Let b(i) = -i**2 + 4*i - 2. Let g be (6/8*4)/1. Let h be (g - 1)/(3/6). Calculate b(h).
-2
Let d(o) = -o**3 - 18*o**2 + 2*o + 41. Let a be d(-18). Let i(c) be the third derivative of 0 - 1/6*c**3 + 1/60*c**a + 0*c**4 - 3*c**2 + 0*c. What is i(-3)?
8
Let l(m) = -9*m**3 - 21*m**2 - 19*m + 13. Let a(x) = -4*x**3 - 10*x**2 - 9*x + 6. Let u(v) = -7*a(v) + 3*l(v). Calculate u(-6).
-3
Let q(l) = 2 - 2*l**3 + 2*l**3 - 10 - 5*l - 5*l**2 + l**3. Determine q(6).
-2
Suppose 3*m + 14 = -7. Let o(k) be the first derivative of -k**3/3 - 4*k**2 - 10*k - 16. Determine o(m).
-3
Suppose b = 5*b - 16. Let d(q) = -5*q**2 - 3*q + 2. Let h(z) = -6*z**2 - 3*z + 3. Let n(l) = b*h(l) - 5*d(l). Let y(k) = k. Let i be y(-3). What is n(i)?
2
Let r(c) = c**2 - 5*c - 2. Let m(x) = 4*x**2 - 20*x - 9. Let f(l) = 2*m(l) - 9*r(l). What is f(4)?
4
Let n(j) = -3*j**2 - j + 3. Let x(w) = -w**2 + 1. Let v(k) = n(k) - 2*x(k). Let q be 9*1 + (-5 - -4). Let g = q + -9. Give v(g).
1
Let l(k) = 5*k - 8*k - 3*k**2 + k**3 + 0*k**2 + 1. Let f = 12 - 1. Suppose -3*g = 2 - f. What is l(g)?
-8
Let s(z) = -z**2 - z + 2. Let d = -9 + 7. Let j(b) = -2*b**2 - 3*b + 6. Let h(x) = d*j(x) + 7*s(x). Determine h(-2).
-8
Let a(w) = -w**3 - 6*w + 7*w - 3 - w. Let l(y) = y - 3. Let v be l(3). Let d = v + 0. Give a(d).
-3
Let d = -2 - -2. Let c(s) = -4*s**2 - 1 + 2*s - s**3 - 2*s + d*s**2. Let a be (5/10)/(2/(-16)). Determine c(a).
-1
Let o = -1 - 0. Suppose 4*c - 6 = 14. Let l(n) = 4*n**3 - 4*n**2 + 5*n + 6. Let m(r) = r**3 + r + 1. Let w(z) = c*m(z) + o*l(z). Give w(-4).
-1
Let c = -3 - -5. Let q(g) be the first derivative of g**3/3 - g**2 + g + 2. What is q(c)?
1
Let k(g) = g**2 - 7*g - 8. Suppose -26 = x + 106. Let f be x/(-21) + 2/(-7). Determine k(f).
-14
Let o(x) = -2*x**2 + 4*x. Suppose -5*a = -10 - 15. Suppose -a*u + 10 = -5. Give o(u).
-6
Let w(t) = 7 - 2*t + 6*t - 8 - 1. Calculate w(-2).
-10
Let n(j) = j + 1. Let a be 4*2*(-3)/(-6). Let y be ((-2)/a)/((-4)/(-48)). What is n(y)?
-5
Let n(c) = 16*c**3 + c. Suppose -3*o - 4*x + 22 = 0, x = -o + 5*x - 14. Suppose 0 = -o*p + 7*p + 5. Calculate n(p).
-17
Suppose -q - q - 4 = 0. Let u be ((-1)/2)/(q/8). Let g(v) = -3 - u + v + 6. What is g(-2)?
-1
Let m(h) = -13*h**2 - 15*h - 28. Let o(d) = 3*d**2 + 4*d + 7. Let r(n) = 2*m(n) + 9*o(n). Determine r(-5).
2
Let k(h) = h**3 - 4*h**2 - 3*h**2 - 2 + 7 + 3*h + h**2. Determine k(4).
-15
Let t(u) = -2*u - 32. Let g be t(-16). Let l(k) = -k + 6. What is l(g)?
6
Let o(t) be the first derivative of t**5/40 - 7*t**4/24 + t**3/3 + 3. Let p(h) be the third derivative of o(h). Let z = -8 + 13. Calculate p(z).
8
Let w be 21/(-49) - (-3)/7. Suppose -2*y + 3*y = w. Let j(u) = -u**2 + u + 12. Calculate j(y).
12
Let k(j) = 2*j + 3. Suppose -a = x - 4, -4*x + 20 = a + 2*a. Suppose 12 = -x*g + 6*g. Calculate k(g).
-9
Suppose 6*k - 5*i = k - 15, 2*i + 36 = -5*k. Let s(v) = v + 2. Give s(k).
-4
Let g(q) = -q**2 - 3*q - 1. Let t(w) = -3*w - 3 - w**2 - 5*w - 2*w**2. Let d(p) = 17*g(p) - 6*t(p). Let a be 1/(3/4)*3. What is d(a)?
5
Let s(i) = -2 + 0*i + 3 - i. Let f = 29 - 26. Determine s(f).
-2
Let a(h) = h**3 + 4*h**2 + h + 1. Let c(k) = k**3 + 4*k**2 + 5*k + 2. Suppose 0 = -4*p - 5*t - 2, 0 = -4*p - 2*t - 2*t - 4. Let q be c(p). What is a(q)?
-3
Let q(h) = h**3 - h**2 - 5*h + 6. Let b(f) = 9 + 3*f**2 - 32 - 2*f**3 + 6 + 4*f + 10*f. Suppose 5*x - 57 = 28. Let y(d) = x*q(d) + 6*b(d). What is y(1)?
5
Let a(w) = w**2 - 7 + 5*w - 4*w**2 + 2*w**2 - 12*w. What is a(-6)?
-1
Suppose 16 = -4*p - 0*p. Suppose 0 = 4*b - 19 - 1. Let g(x) = x**2 + 7*x - 4*x + 4 - 2 - b. Calculate g(p).
1
Let p(h) = h**3 + 4*h**2 - 4. Let y be p(-2). Let s(f) = -3*f + 1. Determine s(y).
-11
Suppose -3*h = -x - 2 + 13, -2*h + 6 = -4*x. Let o(i) = -i + 8. Let y(z) = -2*z + 15. Let d(v) = 5*o(v) - 3*y(v). Calculate d(h).
-10
Let o = -28 + 19. Let w = -16 - o. Let v = w - -12. Let d(f) = -f**2 + 3*f + 5. Calculate d(v).
-5
Let v(u) be the second derivative of u**3/6 - 3*u**2/2 - 36*u. What is v(-5)?
-8
Let m(u) = 5 + u**2 - u - 5*u - 3*u + 2*u. What is m(6)?
-1
Let n be (-2)/(-6) + (-11)/(-66). Let b(s) be the first derivative of -3 - s + n*s**2. What is b(-1)?
-2
Let p(k) be the first derivative of 2*k**3/3 + k**2/2 - 1. Determine p(2).
10
Let w(q) be the third derivative of 0*q**3 + q**2 + 0*q + 0 - 1/8*q**4. What is w(1)?
-3
Let x(j) = 2*j - 4. Let f be x(5). Let t(k) = k**2 - 6*k - 3. What is t(f)?
-3
Let o(u) = 0 - 23*u**2 + 12*u**2 + 5 + 6*u + 10*u**2. Let z be (-40)/24*(-3)/1. Calculate o(z).
10
Suppose -2*g + 9 = p, 5*g - 2*p = -0*g + 45. Let x(f) = f - 2. What is x(g)?
5
Let n(o) = 2*o + 1. Let t be 1 - (-7 - 1) - -1. Suppose 0 = 5*d - 0*d + t. Give n(d).
-3
Let g(m) = -m**3 - 7*m**2 + 9*m + 11. Let n be g(-8). Let c(j) = j + 0*j**3 - 2*j**2 - 4 + j**3 + 0*j**n + 7*j**2. Determine c(-3).
11
Let x(i) be the second derivative of i**5/10 - i**4/6 - i**3/3 + i**2 + 2*i. Let v be (1/(-2))/((-1)/2). Suppose 4*f + 7 - v = m, 2*m - 8 = 4*f. Determine x(m).
6
Let z(i) = 3*i + 3. Let q(y) = -y**2 + 4*y + 18. Let t be q(-3). Give z(t).
-6
Let w(p) = p - 1. Let h(s) be the third derivative of -s**4/12 + s**3/2 + s**2. Let t(x) = -h(x) - 5*w(x). Calculate t(-2).
8
Let c(j) = -j**2 - 2*j. Let v be c(-3). Let n = -5 - v. Let g be (-24)/4*n/(-3). Let i(u) = -u**3 - 5*u**2 - 6*u - 3. Determine i(g).
5
Let j(l) = 14 + 0*l + l - 16. Give j(0).
-2
Let b(t) = -t**2 - t - 3. Let c(d) = -d - 10. Let w(h) = -2 - 3*h + h**2 + 2*h - 5. Let y be w(0). Let n be c(y). Calculate b(n).
-9
Let h = 28 - 17. Suppose -1 - h = 2*m. Let d(g) = -g**3 - 6*g**2 - 6. Calculate d(m).
-6
Suppose -5*o - 1 = -21. Let q(w) be the third derivative of -w**5/60 + w**4/4 - w**3 - w**2. Let v be q(o). Let d(y) = -2*y + 3. Give d(v).
-1
Let i(p) be the third derivative of p**5/60 + 5*p**4/24 - 5*p**3/3 - 3*p**2. Let k = 30 + -37. Determine i(k).
4
Let v(j) = -1. Let m(h) = -6*h + 4. Let y(o) = m(o) + 2*v(o). Let z = -23 + 22. Let g(p) = -p + 1. Let w(s) = z*y(s) + 5*g(s). Determine w(-3).
0
Let x(p) = -4*p**2 + 6*p**3 -